 b(3).
9
Let d(f) = 50*f + 5 - 53*f - 2*f**2 + f**2. Let c(z) = z**2 + 7*z - 22. Let u be c(-9). What is d(u)?
1
Let w(l) = l**3 - 8*l**2 + 9*l - 10. Let c be w(7). Let k(n) be the third derivative of 0*n - 1/3*n**3 + 6*n**2 - 1/8*n**4 + 0. Give k(c).
-14
Let g(a) = 12*a**3 - 5*a**2 - 5*a + 4. Let p(i) = -12*i**3 + 3*i**2 + 4*i - 3. Let s(l) = -2*g(l) - 3*p(l). Determine s(1).
12
Let z(c) = -c**3 - 18*c**2 + c + 11. Suppose -4*u - 2*d = 74, 8*d - 53 = 3*u + 7*d. Determine z(u).
-7
Suppose -5*d - 21*a + 23 = -25*a, 10 = d + a. Let v(h) = -h + 3. Give v(d).
-4
Let n(z) be the second derivative of z**4/12 - z**2/2 - 248*z. What is n(0)?
-1
Let h be 4/6*3 + 9. Let v = 15 - h. Let w(x) be the third derivative of -x**4/24 + 5*x**3/6 + x**2. What is w(v)?
1
Let t(f) = 2*f**2 - 34*f + 12. Let q be t(17). Let y(h) = 2*h**2 + 2*h + 12*h - h - 17 - 3*h**2. Calculate y(q).
-5
Let f(s) be the first derivative of 11*s**4/4 - s**3/3 + s**2 - s - 147. Calculate f(1).
11
Let v(y) = -y**2 - 3*y + 11. Let h(j) be the first derivative of -j**2/2 + 19. Let n(w) = 4*h(w) - v(w). What is n(0)?
-11
Let r(m) be the first derivative of -10 + 1/2*m**2 + 1/4*m**4 - 10*m + 0*m**3. Let y(w) = -w**3 - 6*w**2 - 4*w + 5. Let f be y(-5). What is r(f)?
-10
Suppose 2*w = 0, -h + w + 7 = -0*h. Let f(j) = -972*j**3 + 3 - 4*j - 7 + h*j**2 + 971*j**3. What is f(5)?
26
Suppose -a = r + 13, -2*r + 5*r + 7 = -a. Let p = 14 + a. Let u(h) = -h**2 + 1. Let i(d) = -d**2 - 7*d + 7. Let b(g) = p*u(g) + i(g). Determine b(5).
-5
Let t(f) be the second derivative of 2/3*f**3 + 0 - 1/12*f**4 + 1/2*f**2 - 2*f. Suppose 41 = 32*k - 23. What is t(k)?
5
Suppose -22*m = -102 - 96. Let v(d) = d**2 - 10*d + 8. Determine v(m).
-1
Let p(i) = -7*i**2 - 5*i + 7 + 13*i**2 - 7*i**2. Calculate p(-7).
-7
Let k(y) be the first derivative of y**4/4 - 2*y**3 + 3*y**2/2 - 7*y + 1. Let v(i) = -i**3 + 6*i**2 - 2*i + 8. Let o(q) = 4*k(q) + 3*v(q). Determine o(5).
1
Let i(k) = -k**3 + k + 4. Let w(t) = -t**2 - t - 1. Let g(h) = -i(h) - 5*w(h). Let s be 3 + -3 - (-1 + 1). Let p = -4 + s. What is g(p)?
1
Let h(j) = 8*j + 1. Let r(a) = -a**3 - 5*a**2 - 3*a - 4. Let x be r(-3). Let k = 14 + x. Calculate h(k).
9
Let v(a) = -2*a + 1. Let z be 2*105/42*(-2)/10. Give v(z).
3
Let j = 91 + -88. Let o(y) = -y**3 + 1 - 3*y**2 + 9 + j*y - 5. Give o(-4).
9
Let t(z) = 7*z + 2. Let k(b) = 17*b + 14. Let y(w) = -k(w) + 2*t(w). Determine y(13).
-49
Let y(s) = -s**3 - 2*s + 9. Let b(x) = x**3 - x**2 + 2*x - 10. Let n = 12 - 6. Let c(j) = n*y(j) + 5*b(j). Give c(-4).
-4
Let b(n) = -2*n + 2 - 2. Suppose 20 = -4*j - 5*u, 3*j + 5*u - 6*u = -15. Determine b(j).
10
Let c(w) = 2*w + 5. Let j(g) = -4 - 8*g - 4*g + 17*g - 7*g. Let q(n) = 6*c(n) + 7*j(n). Give q(-3).
8
Suppose -7*h + 9 = -4*h. Suppose 5*o - 44 = h*o. Suppose -7 = -2*s + 3*q - 3, 0 = -4*s - q + o. Let d(a) = a + 6. Calculate d(s).
11
Let w(j) = -22*j + 10. Let l(s) = 14*s - 7. Let t(q) = -8*l(q) - 5*w(q). Give t(2).
2
Suppose -27 = -r + 50. Suppose 2*c = 67 - r. Let y(i) = i**2 - 7. Give y(c).
18
Suppose 4*t + 8 - 20 = 0. Let f(x) = 2*x**3 + 0*x**3 - 4*x**2 + 8*x - x**3 - 2 - 3*x. What is f(t)?
4
Let s(i) = -i**2 - 8*i - 1. Suppose 15 = -5*v + 3*t - 23, 27 = -4*v - t. Give s(v).
6
Let w = 5013 + -5019. Let b = -1 - 2. Let h(y) = 2*y**2 - 2*y + 3. Let q(n) = n**2 - 3*n + 2. Let x(m) = b*q(m) + 2*h(m). What is x(w)?
6
Let s(n) = -19*n**3 + 23*n**2 - 28*n + 8. Let b(v) = 22*v**3 - 23*v**2 + 29*v - 9. Let z(x) = 6*b(x) + 7*s(x). Determine z(22).
2
Let h be (4 - (1 + 0)) + 0. Suppose 101 = 6*g - 85. Suppose u + h*l = -13 + g, 2*l + 4 = 2*u. Let m(c) = 3*c - 9. Calculate m(u).
9
Let w = -56 - -59. Let c(p) = -w*p - p**2 + 0*p - 1 - 6*p. What is c(-6)?
17
Let z(n) = n - 12. Let y(q) = 2*q - 24. Let w(h) = 4*y(h) - 9*z(h). Let x be 48/32*(13 - 1). Suppose -g + 23 = x. Determine w(g).
7
Let z be 14*(-1 + 8/6)*-3. Let d be ((-35)/z)/(6/4 + -2). Let j(v) = v**2 + 4*v - 7. Calculate j(d).
-2
Let f be (-2)/4*-1*4. Suppose -12 = -f*h + 12. Let g = -6 + h. Let y(p) = p**2 - 7*p + 4. What is y(g)?
-2
Let f be ((-2)/3)/(3400/(-1695) - -2). Let s(b) = f*b + 5 - 232*b + b**2 + 115*b. Calculate s(4).
5
Let y(v) be the second derivative of v**3/6 - 19*v**2/2 - 13*v. Determine y(7).
-12
Suppose -8 + 14 = -o. Let c be (-170)/6 - 2/o. Let t = c - -31. Let h(y) = -y**2 + 2*y + 4. What is h(t)?
1
Suppose l - 4*z = -3*z + 6, 2*z + 30 = 5*l. Let v(u) = u. Let k(q) = 7*q + 3. Let g(c) = l*v(c) - k(c). Let j(i) = 4*i + 2. Let n be j(-1). Calculate g(n).
-1
Let j(w) be the third derivative of -w**5/60 + 11*w**4/24 - 5*w**3/6 + 16*w**2. Let l be j(11). Let t(r) = -r - 5. Calculate t(l).
0
Let j(z) = 27*z**2. Let f = 187 - 186. What is j(f)?
27
Let l(x) = -2*x - 1. Let j(p) = p + 1. Let f(c) = -3*j(c) - 2*l(c). What is f(-6)?
-7
Let q(r) = r**2 + 15*r - 29. Let y be q(-17). Let h(j) = -j**2 + 2*j + 16. Let f be h(y). Let o(c) = c + 2*c - 5*c + 1 - 9*c**2. Calculate o(f).
-10
Let i(v) be the first derivative of 0*v + 1/2*v**2 + 18. Give i(-3).
-3
Let c(j) = 4*j - 18. Let u be c(5). Suppose 4*v = u - 10. Let a(d) = -5*d - 1. Calculate a(v).
9
Let i(w) = -w**3 - 5*w**2 + 7*w - 3. Let a be 1*35*(-16)/(-20). Let j = a - 34. Give i(j).
-9
Let t(y) = -10*y**2 + 9*y + 12. Let z = 20 + -41. Let k = z - -14. Let n(v) = 3*v**2 - 3*v - 4. Let c(a) = k*n(a) - 2*t(a). What is c(4)?
0
Let n(p) = 50 + 38 - 85 - 2*p. Determine n(-3).
9
Let n(h) = 2*h + 1. Let i = 258 - 257. Calculate n(i).
3
Let q(i) = i**2 - 2 + 63357*i - i**3 - 63357*i. Calculate q(-2).
10
Let t(h) = 0*h + 2*h**2 + 4*h**2 + 4*h**3 - 5*h**3 - 10 + 3*h. What is t(7)?
-38
Let d(p) = 3*p**2 + 11*p + 6. Let k(t) = 4*t**2 + 13*t + 6. Let q(n) = 7*d(n) - 6*k(n). Determine q(-4).
-38
Let n(j) = -4*j**3 - 18*j**3 - 2 + 23*j**3 - 5*j**2 + 2*j. Let p(l) = -l**3 - 6*l**2 - 8*l - 10. Let z be p(-5). Calculate n(z).
8
Let s(r) = 9*r**3 - 10*r**2 - 5*r + 6. Let o(b) = -20*b**3 + 22*b**2 + 11*b - 13. Let t(k) = 4*o(k) + 9*s(k). Calculate t(2).
0
Let o(y) be the second derivative of -y**3/6 - 15*y**2/2 + 73*y. Calculate o(-8).
-7
Let o(z) = -z + 3. Let x(m) = -m**3 - 4*m**2 + 3*m - 2. Let i be x(-5). Let l be 12/9 - ((-4)/3)/(-4). Suppose -2*d + 1 = -5*t, -d + i = 4*t + l. Give o(d).
0
Suppose m = -5*h + 11, -4*m + 3*h = m + 57. Let c(u) = u**2 + 12*u + 26. Let w be c(m). Let g(d) = -5*d**2 - d + 1 + 3*d + 0. What is g(w)?
-6
Let k(t) = 15*t**2 + 12*t - 7. Let o(m) = -7*m**2 - 6*m + 3. Let l(f) = -6*k(f) - 13*o(f). Suppose a - 4*a + 30 = 0. Let j be (-42)/15 + (-2)/a. What is l(j)?
-6
Let v be -2 + (7 - (-1)/(-1)). Let l(o) = -3*o**2 - 5*o - 3. Let j(n) = -2*n**2 - n - 3. Let i(b) = -2*j(b) + l(b). Calculate i(v).
7
Let a = 3 + -4. Let j(n) = -n + 1. Let x(h) = -3*h - 10 + 5 + 5. Let t(v) = a*x(v) + 2*j(v). Give t(0).
2
Let d(m) = 4*m - 13. Let f(b) = -5*b + 15. Let w(r) = -6*d(r) - 5*f(r). Determine w(-6).
-3
Suppose -30*d - 288 + 78 = 0. Let u(w) = -w + 10. Calculate u(d).
17
Let m(l) = 7 + 7*l**2 - l**2 - l**3 + 2*l**3. Let j(f) = 2*f - 22. Suppose 0 = 8*k + 17 - 81. Let d be j(k). Give m(d).
7
Let u be 7/(-21) - ((-20)/6 + 1). Suppose u*x - 5 + 13 = 0. Let m(i) = i**2 + i. What is m(x)?
12
Let g(y) = -y**3 + 5*y**2 + 5*y + 3. Let q(b) = -2*b - 4. Let f be q(-15). Let s = -20 + f. Let a be s*1/3*3. Calculate g(a).
-3
Let m(s) = -s**3 - 5*s**2 + 3*s - 7. Let c(t) = -t - 16. Let g be c(-19). Let r be (6/(-9) - 1)*g. Calculate m(r).
-22
Let w(x) = 5*x**2 + 2*x - 1. Let u be w(1). Let l(q) be the second derivative of -q**4/12 + 7*q**3/6 + 125*q. Calculate l(u).
6
Suppose 6*j - 10 = j. Let x(h) = 2*h + 4. Let r be x(j). Suppose -6*q - r = -2*q + b, -3*q = -3*b - 9. Let o(a) = 16*a**3 + 2*a**2 + 2*a + 1. Give o(q).
-15
Let h(f) = -9*f + 2. Suppose -2*i = 9*i - 44. Determine h(i).
-34
Let y(s) = s**3 - s**2 - s + 2. Let f(i) = -i**2 + 3*i + 12. Let r be f(-5). Suppose 5*t + 25 = 0, 2*t + 137 - 15 = 4*q. Let z = q + r. Calculate y(z).
2
Let z(u) be the third derivative of 0*u - 1/24*u**4 + 17*u**2 - 11/6*u**3 + 0. Calculate z(-6).
-5
Let j(b) be the third derivative of -b**6/60 - b**5/60 - b**4/12 + 7*b**3/6 - 3*b**2. Let i(z) = -z**3 + 1. Let w(c) = -4*i(c) + j(c). What is w(2)?
11
Let w(y) = -7*y**2 + 5*y - 9. Let j(g) = -3*g**2 + 2*g - 4. Let u be ((-13)/14 + (-12)/(-28))*10.